{"id":1562,"date":"2023-06-04T21:45:23","date_gmt":"2023-06-05T00:45:23","guid":{"rendered":"https:\/\/tamarana.pr.gov.br\/novo\/?page_id=1562"},"modified":"2023-06-04T22:00:37","modified_gmt":"2023-06-05T01:00:37","slug":"kaingang-quem-sao","status":"publish","type":"page","link":"https:\/\/tamarana.pr.gov.br\/novo\/kaingang-quem-sao\/","title":{"rendered":"Kaingang &#8211; Quem s\u00e3o"},"content":{"rendered":"\t\t<div data-elementor-type=\"wp-page\" data-elementor-id=\"1562\" class=\"elementor elementor-1562\" data-elementor-post-type=\"page\">\n\t\t\t\t\t\t<section class=\"elementor-section elementor-top-section elementor-element elementor-element-652662c7 elementor-section-boxed elementor-section-height-default elementor-section-height-default\" data-id=\"652662c7\" data-element_type=\"section\" data-e-type=\"section\" data-settings=\"{&quot;background_background&quot;:&quot;classic&quot;}\">\n\t\t\t\t\t\t<div class=\"elementor-container elementor-column-gap-default\">\n\t\t\t\t\t<div class=\"elementor-column elementor-col-100 elementor-top-column elementor-element elementor-element-534bfec\" data-id=\"534bfec\" data-element_type=\"column\" data-e-type=\"column\">\n\t\t\t<div class=\"elementor-widget-wrap\">\n\t\t\t\t\t\t\t<\/div>\n\t\t<\/div>\n\t\t\t\t\t<\/div>\n\t\t<\/section>\n\t\t\t\t<section class=\"elementor-section elementor-top-section elementor-element elementor-element-6e5aff2 elementor-section-full_width elementor-section-height-default elementor-section-height-default\" data-id=\"6e5aff2\" data-element_type=\"section\" data-e-type=\"section\">\n\t\t\t\t\t\t<div class=\"elementor-container elementor-column-gap-no\">\n\t\t\t\t\t<div class=\"elementor-column elementor-col-100 elementor-top-column elementor-element elementor-element-86fccc9\" data-id=\"86fccc9\" data-element_type=\"column\" data-e-type=\"column\">\n\t\t\t<div class=\"elementor-widget-wrap elementor-element-populated\">\n\t\t\t\t\t\t<div class=\"elementor-element elementor-element-61c0c75 elementor-widget elementor-widget-image\" data-id=\"61c0c75\" data-element_type=\"widget\" data-e-type=\"widget\" data-widget_type=\"image.default\">\n\t\t\t\t<div class=\"elementor-widget-container\">\n\t\t\t\t\t\t\t\t\t\t\t\t\t\t\t<img fetchpriority=\"high\" decoding=\"async\" width=\"2264\" height=\"400\" src=\"https:\/\/tamarana.pr.gov.br\/novo\/wp-content\/uploads\/2023\/06\/kain-1.jpg\" class=\"attachment-full size-full wp-image-1566\" alt=\"\" srcset=\"https:\/\/tamarana.pr.gov.br\/novo\/wp-content\/uploads\/2023\/06\/kain-1.jpg 2264w, https:\/\/tamarana.pr.gov.br\/novo\/wp-content\/uploads\/2023\/06\/kain-1-300x53.jpg 300w, https:\/\/tamarana.pr.gov.br\/novo\/wp-content\/uploads\/2023\/06\/kain-1-1024x181.jpg 1024w, https:\/\/tamarana.pr.gov.br\/novo\/wp-content\/uploads\/2023\/06\/kain-1-768x136.jpg 768w, https:\/\/tamarana.pr.gov.br\/novo\/wp-content\/uploads\/2023\/06\/kain-1-1536x271.jpg 1536w, https:\/\/tamarana.pr.gov.br\/novo\/wp-content\/uploads\/2023\/06\/kain-1-2048x362.jpg 2048w\" sizes=\"(max-width: 2264px) 100vw, 2264px\" \/>\t\t\t\t\t\t\t\t\t\t\t\t\t\t\t<\/div>\n\t\t\t\t<\/div>\n\t\t\t\t\t<\/div>\n\t\t<\/div>\n\t\t\t\t\t<\/div>\n\t\t<\/section>\n\t\t\t\t<section class=\"elementor-section elementor-top-section elementor-element elementor-element-bd8fad2 elementor-section-boxed elementor-section-height-default elementor-section-height-default\" data-id=\"bd8fad2\" data-element_type=\"section\" data-e-type=\"section\">\n\t\t\t\t\t\t<div class=\"elementor-container elementor-column-gap-default\">\n\t\t\t\t\t<div class=\"elementor-column elementor-col-50 elementor-top-column elementor-element elementor-element-dc5729b\" data-id=\"dc5729b\" data-element_type=\"column\" data-e-type=\"column\">\n\t\t\t<div class=\"elementor-widget-wrap elementor-element-populated\">\n\t\t\t\t\t\t<div class=\"elementor-element elementor-element-050e744 elementor-widget-divider--view-line elementor-widget elementor-widget-divider\" data-id=\"050e744\" data-element_type=\"widget\" data-e-type=\"widget\" data-widget_type=\"divider.default\">\n\t\t\t\t<div class=\"elementor-widget-container\">\n\t\t\t\t\t\t\t<div class=\"elementor-divider\">\n\t\t\t<span class=\"elementor-divider-separator\">\n\t\t\t\t\t\t<\/span>\n\t\t<\/div>\n\t\t\t\t\t\t<\/div>\n\t\t\t\t<\/div>\n\t\t\t\t<div class=\"elementor-element elementor-element-ffa0f15 elementor-widget elementor-widget-text-editor\" data-id=\"ffa0f15\" data-element_type=\"widget\" data-e-type=\"widget\" data-widget_type=\"text-editor.default\">\n\t\t\t\t<div class=\"elementor-widget-container\">\n\t\t\t\t\t\t\t\t\t<p>Document\u00e1rio produzido pela comunidade da Terra Ind\u00edgena Apucaraninha, em Tamarana (PR), sobre suas pr\u00e1ticas culturais, rituais e cosmol\u00f3gicas da etnia Kaingang. O v\u00eddeo foi financiado pelo Programa B\u00e1sico Ambiental Componente Ind\u00edgena (PBA-CI) da Usina Hidrel\u00e9trica Governador Jayme Canet Junior (Mau\u00e1), localizada no rio Tibagi.<\/p><p>Comidas tradicionais; fontes de alimentos e formas de preparo; tipos de ca\u00e7as (tatu, paca, veado, peixes); tamanho dos peixes; redu\u00e7\u00e3o dos recursos naturais devido a fatores externos \u00e0 comunidade; esclarecimento de cren\u00e7a; pintura corporal; transmiss\u00e3o dos saberes dos mais velhos \u00e0s novas gera\u00e7\u00f5es, s\u00e3o alguns dos aspectos presentes no curta-metragem \u201cOs donos da terra\u201d.<\/p><p>Os ind\u00edgenas receberam equipamentos para filmagem e edi\u00e7\u00e3o do material, al\u00e9m de capacita\u00e7\u00e3o para captura das imagens. O tema do v\u00eddeo foi definido pela pr\u00f3pria comunidade. O suporte para essa produ\u00e7\u00e3o estava previsto no Programa de Fomento \u00e0 Cultura e \u00e0s Atividades de Lazer, Subprograma de Revitaliza\u00e7\u00e3o de Conhecimentos e Atividades Ind\u00edgenas Tradicionais do PBA-CI.<\/p><p>O document\u00e1rio recebeu a aprova\u00e7\u00e3o da Funda\u00e7\u00e3o Nacional do \u00cdndio (Funai) e do Minist\u00e9rio da Mulher, da Fam\u00edlia e dos Direitos Humanos, do Governo Federal. Com isso, a comunidade ind\u00edgena detentora do material pode exibi-lo em diversas oportunidades.<\/p><p>A concess\u00e3o da Usina Gov. Jayme Canet Junior pertence ao Cons\u00f3rcio Energ\u00e9tico Cruzeiro do Sul (CECS), que tem 51% de participa\u00e7\u00e3o da Copel GeT e 49% da Eletrosul.<\/p><p>Document\u00e1rio produzido pela comunidade da Terra Ind\u00edgena Apucaraninha, em Tamarana (PR), sobre suas pr\u00e1ticas culturais, rituais e cosmol\u00f3gicas da etnia Kaingang. O v\u00eddeo foi financiado pelo Programa B\u00e1sico Ambiental Componente Ind\u00edgena (PBA-CI) da Usina Hidrel\u00e9trica Governador Jayme Canet Junior (Mau\u00e1), localizada no rio Tibagi.<\/p><p>Comidas tradicionais; fontes de alimentos e formas de preparo; tipos de ca\u00e7as (tatu, paca, veado, peixes); tamanho dos peixes; redu\u00e7\u00e3o dos recursos naturais devido a fatores externos \u00e0 comunidade; esclarecimento de cren\u00e7a; pintura corporal; transmiss\u00e3o dos saberes dos mais velhos \u00e0s novas gera\u00e7\u00f5es, s\u00e3o alguns dos aspectos presentes no curta-metragem \u201cOs donos da terra\u201d.<\/p><p>Os ind\u00edgenas receberam equipamentos para filmagem e edi\u00e7\u00e3o do material, al\u00e9m de capacita\u00e7\u00e3o para captura das imagens. O tema do v\u00eddeo foi definido pela pr\u00f3pria comunidade. O suporte para essa produ\u00e7\u00e3o estava previsto no Programa de Fomento \u00e0 Cultura e \u00e0s Atividades de Lazer, Subprograma de Revitaliza\u00e7\u00e3o de Conhecimentos e Atividades Ind\u00edgenas Tradicionais do PBA-CI.<\/p><p>O document\u00e1rio recebeu a aprova\u00e7\u00e3o da Funda\u00e7\u00e3o Nacional do \u00cdndio (Funai) e do Minist\u00e9rio da Mulher, da Fam\u00edlia e dos Direitos Humanos, do Governo Federal. Com isso, a comunidade ind\u00edgena detentora do material pode exibi-lo em diversas oportunidades.<\/p><p>A concess\u00e3o da Usina Gov. Jayme Canet Junior pertence ao Cons\u00f3rcio Energ\u00e9tico Cruzeiro do Sul (CECS), que tem 51% de participa\u00e7\u00e3o da Copel GeT e 49% da Eletrosul.<\/p>\t\t\t\t\t\t\t\t<\/div>\n\t\t\t\t<\/div>\n\t\t\t\t\t<\/div>\n\t\t<\/div>\n\t\t\t\t<div class=\"elementor-column elementor-col-50 elementor-top-column elementor-element elementor-element-91228fd\" data-id=\"91228fd\" data-element_type=\"column\" data-e-type=\"column\" data-settings=\"{&quot;background_background&quot;:&quot;classic&quot;}\">\n\t\t\t<div class=\"elementor-widget-wrap elementor-element-populated\">\n\t\t\t\t\t\t<div class=\"elementor-element elementor-element-05f6238 elementor-widget-divider--view-line elementor-widget elementor-widget-divider\" data-id=\"05f6238\" data-element_type=\"widget\" data-e-type=\"widget\" data-widget_type=\"divider.default\">\n\t\t\t\t<div class=\"elementor-widget-container\">\n\t\t\t\t\t\t\t<div class=\"elementor-divider\">\n\t\t\t<span class=\"elementor-divider-separator\">\n\t\t\t\t\t\t<\/span>\n\t\t<\/div>\n\t\t\t\t\t\t<\/div>\n\t\t\t\t<\/div>\n\t\t\t\t<div class=\"elementor-element elementor-element-f4d2db0 elementor-widget elementor-widget-html\" data-id=\"f4d2db0\" data-element_type=\"widget\" data-e-type=\"widget\" data-widget_type=\"html.default\">\n\t\t\t\t<div class=\"elementor-widget-container\">\n\t\t\t\t\t<iframe width=\"560\" height=\"315\" src=\"https:\/\/www.youtube.com\/embed\/HKX-nfTOKz0\" title=\"YouTube video player\" frameborder=\"0\" allow=\"accelerometer; autoplay; clipboard-write; encrypted-media; gyroscope; picture-in-picture; web-share\" allowfullscreen><\/iframe>\t\t\t\t<\/div>\n\t\t\t\t<\/div>\n\t\t\t\t\t<\/div>\n\t\t<\/div>\n\t\t\t\t\t<\/div>\n\t\t<\/section>\n\t\t\t\t<\/div>\n\t\t","protected":false},"excerpt":{"rendered":"<p>Document\u00e1rio produzido pela comunidade da Terra Ind\u00edgena Apucaraninha, em Tamarana (PR), sobre suas pr\u00e1ticas culturais, rituais e cosmol\u00f3gicas da etnia Kaingang. O v\u00eddeo foi financiado pelo Programa B\u00e1sico Ambiental Componente Ind\u00edgena (PBA-CI) da Usina Hidrel\u00e9trica Governador Jayme Canet Junior (Mau\u00e1), localizada no rio Tibagi. Comidas tradicionais; fontes de alimentos e formas de preparo; tipos de [&hellip;]<\/p>\n","protected":false},"author":2,"featured_media":0,"parent":0,"menu_order":0,"comment_status":"closed","ping_status":"closed","template":"","meta":{"_mc_calendar":[],"footnotes":""},"class_list":["post-1562","page","type-page","status-publish","hentry"],"_links":{"self":[{"href":"https:\/\/tamarana.pr.gov.br\/novo\/wp-json\/wp\/v2\/pages\/1562","targetHints":{"allow":["GET"]}}],"collection":[{"href":"https:\/\/tamarana.pr.gov.br\/novo\/wp-json\/wp\/v2\/pages"}],"about":[{"href":"https:\/\/tamarana.pr.gov.br\/novo\/wp-json\/wp\/v2\/types\/page"}],"author":[{"embeddable":true,"href":"https:\/\/tamarana.pr.gov.br\/novo\/wp-json\/wp\/v2\/users\/2"}],"replies":[{"embeddable":true,"href":"https:\/\/tamarana.pr.gov.br\/novo\/wp-json\/wp\/v2\/comments?post=1562"}],"version-history":[{"count":4,"href":"https:\/\/tamarana.pr.gov.br\/novo\/wp-json\/wp\/v2\/pages\/1562\/revisions"}],"predecessor-version":[{"id":1569,"href":"https:\/\/tamarana.pr.gov.br\/novo\/wp-json\/wp\/v2\/pages\/1562\/revisions\/1569"}],"wp:attachment":[{"href":"https:\/\/tamarana.pr.gov.br\/novo\/wp-json\/wp\/v2\/media?parent=1562"}],"curies":[{"name":"wp","href":"https:\/\/api.w.org\/{rel}","templated":true}]}}